 of t(5)?
71
Let a(f) = -3*f + 2. Let g be a(0). Let d be 8/g + (4 - -14). Suppose -x + i + 46 = 0, -x - i + d = -18. List the prime factors of x.
43
Suppose 4*h = -2*q - 156, 2*h + 2*q = -0*q - 80. Let u be (-2)/(1 - h/(-42)). Let k = u + 101. List the prime factors of k.
2, 5
List the prime factors of (6/(-10) + 1)/(44/10670).
97
Suppose 3*z - 520 = 2*z - 2*y, 5*z - 2585 = -5*y. What are the prime factors of z?
2, 257
Let u(p) = 5*p + 19. Let f be u(-3). Let b(h) = h**3 + h**2 - 6*h + 7. List the prime factors of b(f).
3, 7
Let j(m) = -9*m**3 - 4*m**2 - 3*m + 5. List the prime factors of j(-7).
2917
Suppose 4*v = -2*m + 3184, 2*m - 5*v = -3*m + 7930. List the prime factors of m.
2, 397
Let y(o) = 57*o**2 + 3*o - 3. List the prime factors of y(-3).
3, 167
Let a(m) = 15*m + 10 + 2 - 32. What are the prime factors of a(6)?
2, 5, 7
Let o = 33 - 29. Suppose 5*w - o*w = 0. Suppose 4*q - 64 = -w*q - p, 5*q + 3*p = 80. What are the prime factors of q?
2
Suppose -4*x + 2 = 22, -3*w - 5*x + 4910 = 0. List the prime factors of w.
5, 7, 47
Suppose 61 = a + 29. Let x = a - 7. List the prime factors of x.
5
Let l(o) = -40*o - 139. List the prime factors of l(-14).
421
Suppose 0*x - 2*x + 580 = 0. Suppose 5*o + 4*w - x = 0, o + 4*w + 82 = 2*o. List the prime factors of o.
2, 31
Let u(s) = 277*s + 14. List the prime factors of u(1).
3, 97
Suppose -12 = 2*p - 22. Suppose 0 = -h + p*h. Suppose 5*f - 145 - 225 = h. What are the prime factors of f?
2, 37
Let g be ((-3)/(-2))/((-2)/(-4)). Suppose -2*r = 5*v - 302, 0*v + 182 = g*v + 2*r. What are the prime factors of v?
2, 3, 5
Let m(o) = -o**2 - 9*o - 13. Let x be m(-6). Suppose x*w - 535 = -170. List the prime factors of w.
73
Suppose s + 3112 = 2*l, -4*l + 7*l + 3*s - 4650 = 0. List the prime factors of l.
2, 3, 7, 37
Let n(m) = 50*m**3 - 20*m + 26. List the prime factors of n(4).
2, 11, 13
List the prime factors of (-3203)/(-5) - (6 - (-243)/(-45)).
2, 5
Let u = 445 - 307. What are the prime factors of u?
2, 3, 23
Let w = 15 + -13. Let z(g) = -3*g**w - 4 + 4*g - g**2 + 5*g**2. List the prime factors of z(4).
2, 7
Suppose 2*h - 144 = -6*h. Suppose 930 = -12*q + h*q. List the prime factors of q.
5, 31
List the prime factors of 1076 - (3 + -1 + -7).
23, 47
Let q be (-1310)/18 - (-14)/(-315)*5. Let x = q + 100. What are the prime factors of x?
3
Let g(j) = -j**3 + 2*j**2 - j + 1. Let k be g(3). Let f = k + 15. Suppose -l = -f*l + 57. What are the prime factors of l?
19
Suppose l = -0*l + 2, 3*x - 21 = 3*l. List the prime factors of 26/117 + 277/x.
31
Suppose -4*s - 4*j = -44, -12 = -0*j - 4*j. Suppose 141 = s*y - 147. What are the prime factors of y?
2, 3
Let z(s) = 24*s**2 + s - 2. Suppose 5*q - 2*v - 47 = -11, -2*q + 10 = -3*v. Let m = 9 - q. List the prime factors of z(m).
23
Let p be (-6)/(5/(-1 - -6)). Let d(g) = -3*g - 6. Let h be d(p). Suppose 2*n - 128 = -h. List the prime factors of n.
2, 29
Suppose -k = k - 6. Suppose 0*b = -2*b - k*f + 6, -12 = -4*b + 5*f. Suppose -1 = -b*o + 8. List the prime factors of o.
3
Let r be 12/9 + (-300)/(-18). Let j = -11 - -29. Suppose r = 2*o + 4*y - 8, -o + 3*y = -j. What are the prime factors of o?
3, 5
Suppose 11 - 31 = 2*d. Let w = -5 - d. What are the prime factors of w?
5
Suppose -330 = -5*b + 1270. Suppose -3*k = 4*q - 0*k - 242, 5*q - 5*k = b. What are the prime factors of q?
2, 31
Let r be (-64)/(-6) + (-6)/9. Let x be (-274)/10 + 4/r. List the prime factors of (-60)/x - 2/9.
2
Suppose -j + 3 = -2*j. Let y = 4 + j. What are the prime factors of (73 - 11)/(2*y)?
31
Let q = 2 + 0. Let j(p) = 8 - 2*p - q*p + p. What are the prime factors of j(-3)?
17
List the prime factors of (-306)/((-1)/3 - 0).
2, 3, 17
Let g(h) = 2*h - 1. Let f(u) = -u + 1. Let o(c) = 5*f(c) + 2*g(c). Let l be o(5). List the prime factors of 16 - (3 + l)/1.
3, 5
Suppose 5*s - b = b - 555, 5*s + 555 = -2*b. Let q = -63 - s. Let g = 121 - q. What are the prime factors of g?
73
Let r(n) be the third derivative of -n**5/60 - 7*n**4/24 + n**3 - 4*n**2. Let a be r(-8). List the prime factors of (-4)/(-8) - 19/a.
2, 5
Let l be (-3 - (5 + -5)) + 0/1. What are the prime factors of ((-2926)/(-21) - 3) + (-2)/l?
137
Let z(l) = -l**3 + 19*l**2 + 51*l - 22. List the prime factors of z(19).
947
Let p = -58 + 172. Let r = p - 12. List the prime factors of r.
2, 3, 17
Suppose 10 = 4*v - 14. Let n = v - 0. Let y = 8 - n. List the prime factors of y.
2
Suppose 4*y = 2*a + 216, -92 = -2*y + 6*a - a. Suppose -5*z - 3*b = -466, -2*z - y = -3*b - 234. List the prime factors of z.
2, 23
Let j be 4 + 2/(-2) + -2. Let u be ((-20)/(-5))/j + -4. Suppose -w + 96 = 2*v, u*v - 2*w + 92 = 2*v. List the prime factors of v.
2, 5
Let r be (1/4)/((-3)/12). Let x = 4 + r. Suppose 0*y = x*y - 3*c - 21, -12 = 3*c. List the prime factors of y.
3
Suppose 5011*t - 9 = 5008*t. Let g(z) = -4*z. Let k be g(-1). Suppose -3*x + 200 = k*p, -59 = -p - t*x - 0*x. List the prime factors of p.
47
Suppose -4*w = 3*s - 1399, 2*s + 1393 = 4*w + 7*s. Suppose 17*t - 19*t = -w. Suppose -2*i - i - 4*p + t = 0, p + 1 = 0. What are the prime factors of i?
2, 3, 5
Let z = 178 - -115. List the prime factors of z.
293
List the prime factors of (0 - -36)/(-9) + 233*1.
229
Suppose 15*a + 70 = 20*a. Let z = a - -112. List the prime factors of z.
2, 3, 7
Suppose 30*z - 10*z = 18120. List the prime factors of z.
2, 3, 151
Let o(y) = 152*y + 151. What are the prime factors of o(8)?
1367
List the prime factors of -1 + 1 + 1374 + 147.
3, 13
Let w = -7350 + 10374. What are the prime factors of w?
2, 3, 7
Let h = -1294 + 3190. What are the prime factors of h?
2, 3, 79
List the prime factors of -12*(((-2032)/6 - 0) + 6).
2, 499
Let y(w) be the first derivative of 4*w + 4 - 3/2*w**2. List the prime factors of y(-5).
19
List the prime factors of (-133425)/(-150) + (-1)/2.
7, 127
Let x(m) = -m**3 - 8*m**2 - 10*m + 1. Let n be x(-7). Suppose 8*h = n*h - 2436. List the prime factors of h.
2, 3, 29
Let m = 56 + -64. Let x(d) = -d**3 - 8*d**2 - 14*d + 4. List the prime factors of x(m).
2, 29
Suppose 3*u + 4*q + 3 = 0, 5*u = -q + 4 + 8. Suppose -l = -4*h - 3*l + 278, -5*l = -u*h + 215. List the prime factors of h.
2, 5, 7
Suppose -4*t - u + 35 = t, 0 = -3*t - 2*u + 21. Suppose -t*x = -3*x - 228. Suppose -5*z + 3 + x = 0. What are the prime factors of z?
2, 3
Let a = 65 + -21. Let x = 56 + a. List the prime factors of x.
2, 5
Let a = 713 - -1691. List the prime factors of a.
2, 601
Suppose 3*a + 4*m = -238, 4*a - 4*m = -a - 450. Let n(l) = 10*l**2 + 10*l. Let d be n(3). Let k = d + a. What are the prime factors of k?
2, 17
Let a(c) = c**3 + 1. Let k(v) = 3*v**3 + 3*v**2 + 2*v + 13. Let n(q) = 4*a(q) - k(q). What are the prime factors of n(8)?
5, 59
Let x(l) = l. Let v be x(-10). Let w(h) = h**3 + 11*h**2 + 11*h + 15. What are the prime factors of w(v)?
5
Suppose -w - w - 448 = 4*t, t + w = -111. Let r = -49 - t. List the prime factors of r.
2
Suppose -4*b - 3*t - t = 8, -4*b + 2*t - 2 = 0. List the prime factors of ((1 - -2) + -128)/b.
5
Suppose 2*a - 5*z = -5, z - 5 = -a - 4. Suppose -3*v + 87 + 30 = a. List the prime factors of v.
3, 13
Suppose 3*s + 9 = 0, 3*z - 4*s = 4*z - 3155. List the prime factors of z.
3167
Let c = 1854 - 1157. List the prime factors of c.
17, 41
Let c(l) = -l**3 - 9*l**2 + 9. Let j be c(-9). Let r(u) = 14 + 13*u + u**2 - 33*u + j*u + 12*u. What are the prime factors of r(7)?
2, 5, 7
Let m be 2*4*45/40. Suppose 308 = -2*h + m*h. List the prime factors of h.
2, 11
Let t be 2 + 76/2 + -2. Let o be 5/(3 + 105/(-36)). Let v = o - t. List the prime factors of v.
2, 11
Let j be 4/(12/15) + -3. Suppose 2*d - j - 2 = 0. Suppose -a + d*a - 25 = 0. List the prime factors of a.
5
Let w(j) be the third derivative of 7*j**6/120 - j**5/60 - j**4/8 - j**3/6 - 2*j**2. Let z be w(-2). Let m = -32 - z. What are the prime factors of m?
23
Let c(b) = 194*b - 122. List the prime factors of c(6).
2, 521
Suppose 12 = -15*d + 16*d. Suppose -15*c + 138 = -d*c. What are the prime factors of c?
2, 23
Let i(r) = -r**3 - 12*r**2 - 9*r + 42. Let l be i(-11). Suppose -3*j = 5*u - l - 215, -j = -u + 39. What are the prime factors of u?
2, 11
Let o be 1 + -3 + (-12)/(-2). Let s be (3 - 0)/(3/o). Suppose -185 = -p - s*p. What are the prime factors of p?
37
Let z(i) = -i**2 + 31*i 